{"id":1271,"date":"2023-11-22T07:42:46","date_gmt":"2023-11-22T10:42:46","guid":{"rendered":"https:\/\/ispee-caba.infd.edu.ar\/sitio\/?page_id=1271"},"modified":"2026-03-11T18:18:36","modified_gmt":"2026-03-11T21:18:36","slug":"curso-pensar-la-inclusion-en-el-nivel-inicial","status":"publish","type":"page","link":"https:\/\/ispee-caba.infd.edu.ar\/sitio\/curso-pensar-la-inclusion-en-el-nivel-inicial\/","title":{"rendered":"<strong>Curso\u00a0\u00a0Pensar la inclusi\u00f3n en el Nivel Inicial<\/strong>"},"content":{"rendered":"\n<p><strong>Inscripci\u00f3n cerrada<\/strong><\/p>\n\n\n\n<p><\/p>\n\n\n\n<p>Para solicitar informes y el link de inscripci\u00f3n, escribir a <strong> ispee.formacion.inclusionNI@gmail.com<\/strong><\/p>\n\n\n\n<p><strong>DESTINATARIOS<\/strong>: Profesores\/as de Nivel Inicial.<\/p>\n\n\n\n<p>El curso invita a los Profesores de Nivel Inicial a repensar los saberes convencionales sobre discapacidad y posicionarse de manera cr\u00edtica frente a estos desde el Modelo Social. Se buscar\u00e1 construir conocimientos para pensar estrategias pedag\u00f3gico\/did\u00e1cticas que apunten a superar las barreras para el juego, el aprendizaje y la participaci\u00f3n en igualdad de oportunidades, al tiempo que centre el rol docente como garante del derecho a la educaci\u00f3n de ni\u00f1os y ni\u00f1as con discapacidad en el Nivel Inicial.<\/p>\n\n\n\n<p><strong> CONTENIDOS<\/strong><\/p>\n\n\n\n<p><strong>1. Perspectivas actuales sobre discapacidad<\/strong><\/p>\n\n\n\n<p><strong>2.Aportes de la modalidad de EE a las escuelas de Nivel Inicial<\/strong><\/p>\n\n\n\n<p><strong>3.Abordajes pedag\u00f3gicos en<\/strong> <strong>Discapacidad Intelectual<\/strong><\/p>\n\n\n\n<p><strong>4.Abordajes pedag\u00f3gicos en Sordos e Hipoac\u00fasicos<\/strong><\/p>\n\n\n\n<p><strong>5.Abordajes pedag\u00f3gicos en Ciegos y Disminuidos Visuales<\/strong><\/p>\n\n\n\n<p><strong>6. Tic e inclusi\u00f3n<\/strong><\/p>\n\n\n\n<p><strong>7. Dise\u00f1o y Planificaci\u00f3n<\/strong><\/p>\n\n\n\n<p><\/p>\n\n\n\n<p><strong>Informes: ispee.formacion.inclusionNI@gmail.com<\/strong><\/p>\n\n\n\n<p><\/p>\n\n\n\n<p><\/p>\n\n\n\n<p><\/p>\n","protected":false},"excerpt":{"rendered":"<p>Inscripci\u00f3n cerrada Para solicitar informes y el link de inscripci\u00f3n, escribir a ispee.formacion.inclusionNI@gmail.com DESTINATARIOS: Profesores\/as de Nivel Inicial. El curso invita a los Profesores de Nivel Inicial a repensar los saberes convencionales sobre discapacidad y posicionarse de manera cr\u00edtica frente a estos desde el Modelo Social. Se buscar\u00e1 construir conocimientos para pensar estrategias pedag\u00f3gico\/did\u00e1cticas que &#8230; <a title=\"Curso\u00a0\u00a0Pensar la inclusi\u00f3n en el Nivel Inicial\" class=\"read-more\" href=\"https:\/\/ispee-caba.infd.edu.ar\/sitio\/curso-pensar-la-inclusion-en-el-nivel-inicial\/\" aria-label=\"More on Curso\u00a0\u00a0Pensar la inclusi\u00f3n en el Nivel Inicial\">[+]<\/a><\/p>\n","protected":false},"author":1375,"featured_media":0,"parent":0,"menu_order":0,"comment_status":"closed","ping_status":"closed","template":"","meta":[],"acf":[],"_links":{"self":[{"href":"https:\/\/ispee-caba.infd.edu.ar\/sitio\/wp-json\/wp\/v2\/pages\/1271"}],"collection":[{"href":"https:\/\/ispee-caba.infd.edu.ar\/sitio\/wp-json\/wp\/v2\/pages"}],"about":[{"href":"https:\/\/ispee-caba.infd.edu.ar\/sitio\/wp-json\/wp\/v2\/types\/page"}],"author":[{"embeddable":true,"href":"https:\/\/ispee-caba.infd.edu.ar\/sitio\/wp-json\/wp\/v2\/users\/1375"}],"replies":[{"embeddable":true,"href":"https:\/\/ispee-caba.infd.edu.ar\/sitio\/wp-json\/wp\/v2\/comments?post=1271"}],"version-history":[{"count":9,"href":"https:\/\/ispee-caba.infd.edu.ar\/sitio\/wp-json\/wp\/v2\/pages\/1271\/revisions"}],"predecessor-version":[{"id":1474,"href":"https:\/\/ispee-caba.infd.edu.ar\/sitio\/wp-json\/wp\/v2\/pages\/1271\/revisions\/1474"}],"wp:attachment":[{"href":"https:\/\/ispee-caba.infd.edu.ar\/sitio\/wp-json\/wp\/v2\/media?parent=1271"}],"curies":[{"name":"wp","href":"https:\/\/api.w.org\/{rel}","templated":true}]}}