{"id":1334,"date":"2024-02-22T12:19:41","date_gmt":"2024-02-22T15:19:41","guid":{"rendered":"https:\/\/ispee-caba.infd.edu.ar\/sitio\/?page_id=1334"},"modified":"2026-04-21T09:04:45","modified_gmt":"2026-04-21T12:04:45","slug":"llamados-a-seleccion-de-antecedentes","status":"publish","type":"page","link":"https:\/\/ispee-caba.infd.edu.ar\/sitio\/llamados-a-seleccion-de-antecedentes\/","title":{"rendered":"Llamados a selecci\u00f3n de antecedentes"},"content":{"rendered":"\n<p>A continuaci\u00f3n se presentan los llamados a selecci\u00f3n de antecedentes vigentes para aquellos profesores que quieran dar clases en el ISPEE Instituto Superior del Profesorado en Educaci\u00f3n Especial.<\/p>\n\n\n\n<p>Para todos los llamados, utilizamos este modelo de <a rel=\"noreferrer noopener\" href=\"https:\/\/docs.google.com\/document\/d\/1nyvtI60IBQ0OdAU5mgljfQFMpOKp2S0BBYYjK-XWLkg\/edit?tab=t.0\" data-type=\"URL\" data-id=\"https:\/\/docs.google.com\/document\/d\/1nyvtI60IBQ0OdAU5mgljfQFMpOKp2S0BBYYjK-XWLkg\/edit?tab=t.0\" target=\"_blank\">Curriculum Vitae<\/a><\/p>\n\n\n\n<p>Modelo de <a rel=\"noreferrer noopener\" href=\"https:\/\/drive.google.com\/file\/d\/17iFNow9zcQi5cXjWfHIlRfjkrDNzKvyB\/view\" target=\"_blank\">Ficha de inscripci\u00f3n<\/a><\/p>\n\n\n\n<p><strong><em>Abril 2026<\/em><\/strong>: <\/p>\n\n\n\n<p><strong>Publicaci\u00f3n, inscripci\u00f3n y presentaci\u00f3n de proyectos 15 al 30 de abril<\/strong><\/p>\n\n\n\n<p><a href=\"https:\/\/drive.google.com\/file\/d\/1m7ESfosofEP0q0h-LdOAqWTWbwa9fdDs\/view?usp=sharing\" target=\"_blank\" rel=\"noreferrer noopener\"><br>Abordajes Pedag\u00f3gicos para el sujeto con deficiencia visual 1<\/a><\/p>\n\n\n\n<p><a href=\"https:\/\/drive.google.com\/file\/d\/1rEsjDv4UOclS8I_u3jEHn09ksGEdwFgI\/view?usp=sharing\" target=\"_blank\" rel=\"noreferrer noopener\">Taller de Educaci\u00f3n Psicomotriz<\/a><\/p>\n\n\n\n<p><a href=\"https:\/\/drive.google.com\/file\/d\/1BzwX-8DTYvJJoC8IAZJtAno_18eLDoUP\/view?usp=sharing\" target=\"_blank\" rel=\"noreferrer noopener\">Bases Neurobiol\u00f3gicas del Aprendizaje Comisi\u00f3n 3<\/a><\/p>\n\n\n\n<p><a href=\"https:\/\/drive.google.com\/file\/d\/1PPMuuXUPwOAihr5xzajLD8T9xN5LJYRj\/view?usp=sharing\" target=\"_blank\" rel=\"noreferrer noopener\">Ense\u00f1anza de las Ciencias Naturales Comisi\u00f3n 1<\/a><\/p>\n\n\n\n<p><a href=\"https:\/\/drive.google.com\/file\/d\/1FNO-wQYpeIYPia3asdMiokv4wyDi4tDr\/view?usp=sharing\" target=\"_blank\" rel=\"noreferrer noopener\">Ense\u00f1anza de las Ciencias Naturales Comisi\u00f3n 4<\/a><\/p>\n\n\n\n<p><strong>Publicaci\u00f3n, inscripci\u00f3n y presentaci\u00f3n de proyectos 8 al 23 de abril<\/strong><\/p>\n\n\n\n<p><a rel=\"noreferrer noopener\" href=\"https:\/\/drive.google.com\/file\/d\/1bcn63gIkLfMtU1LPvekLuO2ozzmwIAEg\/view?usp=sharing\" target=\"_blank\"><br>Taller de Orientaci\u00f3n y Movilidad<\/a><\/p>\n\n\n\n<p><strong>Publicaci\u00f3n, inscripci\u00f3n y presentaci\u00f3n de proyectos 1 al 20 de abril<\/strong><\/p>\n\n\n\n<p><a rel=\"noreferrer noopener\" href=\"https:\/\/drive.google.com\/file\/d\/1IRD6Uh1qpiaitB2orrtuLMMRvF9bQM6R\/view?usp=sharing\" target=\"_blank\"><br>Psicolog\u00eda Educacional<\/a><\/p>\n\n\n\n<p><a href=\"https:\/\/drive.google.com\/file\/d\/1-rF6Gw79Vy4746pru7XlKRKcG6qAOu7t\/view?usp=sharing\" target=\"_blank\" rel=\"noreferrer noopener\">Comunicaci\u00f3n y Lenguaje<\/a><\/p>\n\n\n\n<p><a href=\"https:\/\/drive.google.com\/file\/d\/17Z5_DfPFHxlw6kORgtYWvmKFZO2Bqwzx\/view?usp=sharing\" target=\"_blank\" rel=\"noreferrer noopener\">Taller de Pr\u00e1ctica Profesional 5, 6, 7 y 8 Orientaci\u00f3n Sordos<\/a><\/p>\n\n\n\n<p><a href=\"https:\/\/drive.google.com\/file\/d\/1iJN7gTHN207TPxX6Z9cgbCqQ60cMTmqS\/view?usp=sharing\" target=\"_blank\" rel=\"noreferrer noopener\">Abordajes Pedag\u00f3gicos para el sujeto con deficiencia visual 2<\/a><\/p>\n\n\n\n<p><a href=\"https:\/\/drive.google.com\/file\/d\/1kHHEixNLV3EMlytGag0dD3fpHaE5pjkE\/view?usp=sharing\" target=\"_blank\" rel=\"noreferrer noopener\">Perturbaciones del lenguaje<\/a><\/p>\n\n\n\n<p><em><strong>Marzo\/Abril 2026<\/strong><\/em>: <strong>Publicaci\u00f3n inscripci\u00f3n y presentaci\u00f3n de proyectos 25 de marzo al 10 de abril<\/strong><\/p>\n\n\n\n<p><a rel=\"noreferrer noopener\" href=\"https:\/\/drive.google.com\/file\/d\/1LD9dYynkxRI3KtCD1LzDADDdM7XwmQVh\/view?usp=sharing\" target=\"_blank\">Bases neurobiol\u00f3gicas del aprendizaje<\/a><\/p>\n\n\n\n<p><a href=\"https:\/\/drive.google.com\/file\/d\/19vEcXUS4ZyyARo6QokJXLLVYA3Jn2FhC\/view?ts=69cd1207\">Seminario de perspectivas psicosociales ante la deficiencia visual<\/a><\/p>\n\n\n\n<p><strong>31 de marzo al 7 de abril<\/strong><\/p>\n\n\n\n<p>Pr\u00f3rroga del <a href=\"https:\/\/drive.google.com\/file\/d\/1u3kq-T9XTJJ_yoVXvs1wPI9EtFngkS9v\/view?usp=drive_link\" target=\"_blank\" rel=\"noreferrer noopener\">Seminario de Cognici\u00f3n y Discapacidad Intelectual<\/a><\/p>\n\n\n\n<p><strong><em>Marzo 2026<\/em><\/strong>: <strong>Publicaci\u00f3n, inscripci\u00f3n y presentaci\u00f3n de proyectos 9 al 26 de marzo<\/strong><\/p>\n\n\n\n<p>Asignaturas: <a rel=\"noreferrer noopener\" href=\"https:\/\/drive.google.com\/file\/d\/1cobLLSc2_93glDGQhecbhITDQzx3UX0Z\/view\" target=\"_blank\">Braille 2<\/a>, <a rel=\"noreferrer noopener\" href=\"https:\/\/drive.google.com\/file\/d\/1_99jQH8zXjDTpqI8ACG81X8yUzq1379F\/view\" target=\"_blank\">Inclusi\u00f3n Educativa<\/a>, <a rel=\"noreferrer noopener\" href=\"https:\/\/drive.google.com\/file\/d\/1gsufCiYZzTS740vAwMBPSb2s0eRzikVS\/view\" target=\"_blank\">Seminario de Cognici\u00f3n y Discapacidad Intelectual<\/a>. <\/p>\n\n\n\n<p><\/p>\n","protected":false},"excerpt":{"rendered":"<p>A continuaci\u00f3n se presentan los llamados a selecci\u00f3n de antecedentes vigentes para aquellos profesores que quieran dar clases en el ISPEE Instituto Superior del Profesorado en Educaci\u00f3n Especial. Para todos los llamados, utilizamos este modelo de Curriculum Vitae Modelo de Ficha de inscripci\u00f3n Abril 2026: Publicaci\u00f3n, inscripci\u00f3n y presentaci\u00f3n de proyectos 15 al 30 de &#8230; <a title=\"Llamados a selecci\u00f3n de antecedentes\" class=\"read-more\" href=\"https:\/\/ispee-caba.infd.edu.ar\/sitio\/llamados-a-seleccion-de-antecedentes\/\" aria-label=\"More on Llamados a selecci\u00f3n de antecedentes\">[+]<\/a><\/p>\n","protected":false},"author":7,"featured_media":0,"parent":0,"menu_order":0,"comment_status":"closed","ping_status":"closed","template":"","meta":[],"acf":[],"_links":{"self":[{"href":"https:\/\/ispee-caba.infd.edu.ar\/sitio\/wp-json\/wp\/v2\/pages\/1334"}],"collection":[{"href":"https:\/\/ispee-caba.infd.edu.ar\/sitio\/wp-json\/wp\/v2\/pages"}],"about":[{"href":"https:\/\/ispee-caba.infd.edu.ar\/sitio\/wp-json\/wp\/v2\/types\/page"}],"author":[{"embeddable":true,"href":"https:\/\/ispee-caba.infd.edu.ar\/sitio\/wp-json\/wp\/v2\/users\/7"}],"replies":[{"embeddable":true,"href":"https:\/\/ispee-caba.infd.edu.ar\/sitio\/wp-json\/wp\/v2\/comments?post=1334"}],"version-history":[{"count":26,"href":"https:\/\/ispee-caba.infd.edu.ar\/sitio\/wp-json\/wp\/v2\/pages\/1334\/revisions"}],"predecessor-version":[{"id":1510,"href":"https:\/\/ispee-caba.infd.edu.ar\/sitio\/wp-json\/wp\/v2\/pages\/1334\/revisions\/1510"}],"wp:attachment":[{"href":"https:\/\/ispee-caba.infd.edu.ar\/sitio\/wp-json\/wp\/v2\/media?parent=1334"}],"curies":[{"name":"wp","href":"https:\/\/api.w.org\/{rel}","templated":true}]}}

Llamados a selección de antecedentes

<p>A continuación se presentan los llamados a selección de antecedentes vigentes para aquellos profesores que quieran dar clases en el ISPEE Instituto Superior del Profesorado en Educación Especial.</p>



<p>Para todos los llamados, utilizamos este modelo de <a rel="noreferrer noopener" href="https://docs.google.com/document/d/1nyvtI60IBQ0OdAU5mgljfQFMpOKp2S0BBYYjK-XWLkg/edit?tab=t.0" data-type="URL" data-id="https://docs.google.com/document/d/1nyvtI60IBQ0OdAU5mgljfQFMpOKp2S0BBYYjK-XWLkg/edit?tab=t.0" target="_blank">Curriculum Vitae</a></p>



<p>Modelo de <a rel="noreferrer noopener" href="https://drive.google.com/file/d/17iFNow9zcQi5cXjWfHIlRfjkrDNzKvyB/view" target="_blank">Ficha de inscripción</a></p>



<p><strong><em>Abril 2026</em></strong>: </p>



<p><strong>Publicación, inscripción y presentación de proyectos 15 al 30 de abril</strong></p>



<p><a href="https://drive.google.com/file/d/1m7ESfosofEP0q0h-LdOAqWTWbwa9fdDs/view?usp=sharing" target="_blank" rel="noreferrer noopener"><br>Abordajes Pedagógicos para el sujeto con deficiencia visual 1</a></p>



<p><a href="https://drive.google.com/file/d/1rEsjDv4UOclS8I_u3jEHn09ksGEdwFgI/view?usp=sharing" target="_blank" rel="noreferrer noopener">Taller de Educación Psicomotriz</a></p>



<p><a href="https://drive.google.com/file/d/1BzwX-8DTYvJJoC8IAZJtAno_18eLDoUP/view?usp=sharing" target="_blank" rel="noreferrer noopener">Bases Neurobiológicas del Aprendizaje Comisión 3</a></p>



<p><a href="https://drive.google.com/file/d/1PPMuuXUPwOAihr5xzajLD8T9xN5LJYRj/view?usp=sharing" target="_blank" rel="noreferrer noopener">Enseñanza de las Ciencias Naturales Comisión 1</a></p>



<p><a href="https://drive.google.com/file/d/1FNO-wQYpeIYPia3asdMiokv4wyDi4tDr/view?usp=sharing" target="_blank" rel="noreferrer noopener">Enseñanza de las Ciencias Naturales Comisión 4</a></p>



<p><strong>Publicación, inscripción y presentación de proyectos 8 al 23 de abril</strong></p>



<p><a rel="noreferrer noopener" href="https://drive.google.com/file/d/1bcn63gIkLfMtU1LPvekLuO2ozzmwIAEg/view?usp=sharing" target="_blank"><br>Taller de Orientación y Movilidad</a></p>



<p><strong>Publicación, inscripción y presentación de proyectos 1 al 20 de abril</strong></p>



<p><a rel="noreferrer noopener" href="https://drive.google.com/file/d/1IRD6Uh1qpiaitB2orrtuLMMRvF9bQM6R/view?usp=sharing" target="_blank"><br>Psicología Educacional</a></p>



<p><a href="https://drive.google.com/file/d/1-rF6Gw79Vy4746pru7XlKRKcG6qAOu7t/view?usp=sharing" target="_blank" rel="noreferrer noopener">Comunicación y Lenguaje</a></p>



<p><a href="https://drive.google.com/file/d/17Z5_DfPFHxlw6kORgtYWvmKFZO2Bqwzx/view?usp=sharing" target="_blank" rel="noreferrer noopener">Taller de Práctica Profesional 5, 6, 7 y 8 Orientación Sordos</a></p>



<p><a href="https://drive.google.com/file/d/1iJN7gTHN207TPxX6Z9cgbCqQ60cMTmqS/view?usp=sharing" target="_blank" rel="noreferrer noopener">Abordajes Pedagógicos para el sujeto con deficiencia visual 2</a></p>



<p><a href="https://drive.google.com/file/d/1kHHEixNLV3EMlytGag0dD3fpHaE5pjkE/view?usp=sharing" target="_blank" rel="noreferrer noopener">Perturbaciones del lenguaje</a></p>



<p><em><strong>Marzo/Abril 2026</strong></em>: <strong>Publicación inscripción y presentación de proyectos 25 de marzo al 10 de abril</strong></p>



<p><a rel="noreferrer noopener" href="https://drive.google.com/file/d/1LD9dYynkxRI3KtCD1LzDADDdM7XwmQVh/view?usp=sharing" target="_blank">Bases neurobiológicas del aprendizaje</a></p>



<p><a href="https://drive.google.com/file/d/19vEcXUS4ZyyARo6QokJXLLVYA3Jn2FhC/view?ts=69cd1207">Seminario de perspectivas psicosociales ante la deficiencia visual</a></p>



<p><strong>31 de marzo al 7 de abril</strong></p>



<p>Prórroga del <a href="https://drive.google.com/file/d/1u3kq-T9XTJJ_yoVXvs1wPI9EtFngkS9v/view?usp=drive_link" target="_blank" rel="noreferrer noopener">Seminario de Cognición y Discapacidad Intelectual</a></p>



<p><strong><em>Marzo 2026</em></strong>: <strong>Publicación, inscripción y presentación de proyectos 9 al 26 de marzo</strong></p>



<p>Asignaturas: <a rel="noreferrer noopener" href="https://drive.google.com/file/d/1cobLLSc2_93glDGQhecbhITDQzx3UX0Z/view" target="_blank">Braille 2</a>, <a rel="noreferrer noopener" href="https://drive.google.com/file/d/1_99jQH8zXjDTpqI8ACG81X8yUzq1379F/view" target="_blank">Inclusión Educativa</a>, <a rel="noreferrer noopener" href="https://drive.google.com/file/d/1gsufCiYZzTS740vAwMBPSb2s0eRzikVS/view" target="_blank">Seminario de Cognición y Discapacidad Intelectual</a>. </p>



<p></p>

<p>A continuación se presentan los llamados a selección de antecedentes vigentes para aquellos profesores que quieran dar clases en el ISPEE Instituto Superior del Profesorado en Educación Especial. Para todos los llamados, utilizamos este modelo de Curriculum Vitae Modelo de Ficha de inscripción Abril 2026: Publicación, inscripción y presentación de proyectos 15 al 30 de &#8230; <a title="Llamados a selección de antecedentes" class="read-more" href="https://ispee-caba.infd.edu.ar/sitio/llamados-a-seleccion-de-antecedentes/" aria-label="More on Llamados a selección de antecedentes">[+]</a></p>
